047011?
6047005
In base 2, what is -101111001100001011100101 + 10?
-101111001100001011100011
In base 5, what is 2 - -1041303302?
1041303304
In base 8, what is 0 + -17034633?
-17034633
In base 3, what is 222202001010022 - 1?
222202001010021
In base 13, what is bb67c - 88b?
baac1
In base 6, what is -23 - -11131141035?
11131141012
In base 14, what is 926 - a4449?
-a3923
In base 8, what is -172422622 - 4?
-172422626
In base 2, what is 11101100011001101100101001 + 1?
11101100011001101100101010
In base 3, what is 11 - -100210101111102212?
100210101111110000
In base 13, what is -203372 + -19c?
-203541
In base 5, what is -2141430344410 + 1?
-2141430344404
In base 7, what is 43 - 620445?
-620402
In base 8, what is 376724 - -345?
377271
In base 3, what is -1011010210 - 210211?
-1011221121
In base 13, what is -341 - 3243?
-3584
In base 8, what is -24252 - 2352?
-26624
In base 4, what is 1 - -101312322022?
101312322023
In base 13, what is a6b - 119132?
-118394
In base 10, what is -4 + 48852799?
48852795
In base 2, what is 110101011000111010101 + 10101010?
110101011001001111111
In base 6, what is -1000505455 + -5?
-1000505504
In base 2, what is 111111001001100 + 1111100110111?
1001110110000011
In base 6, what is -23330324041 - -12?
-23330324025
In base 4, what is 23131102111122 - -1?
23131102111123
In base 9, what is -84414284 - 3?
-84414287
In base 8, what is 165110 + 1641?
166751
In base 7, what is -23010 - -5413?
-14264
In base 5, what is 132 + 13210230?
13210412
In base 9, what is -2300234 - 1?
-2300235
In base 5, what is -4 - 1441242040?
-1441242044
In base 11, what is 504631 + 2?
504633
In base 8, what is -6512532 + 123?
-6512407
In base 15, what is -509ae - -22?
-5098c
In base 4, what is 1 - -2011023032000?
2011023032001
In base 15, what is 20a1c + 83?
20aa0
In base 5, what is 1201140 - 10304?
1140331
In base 7, what is -614203 + 4351?
-606522
In base 5, what is 11124031233 - 1?
11124031232
In base 5, what is 11 + 4212033230?
4212033241
In base 3, what is 102220101011 + -1212?
102220022022
In base 13, what is 19 - -481a026?
481a042
In base 2, what is -10 - 100111000010101101111010?
-100111000010101101111100
In base 4, what is 103 - -2123230011101?
2123230011210
In base 15, what is 1cb - -2334?
2510
In base 2, what is -1101111011101111 + 100110001?
-1101110110111110
In base 13, what is -190 + -71a31?
-71bc1
In base 8, what is -4 - -2507752271?
2507752265
In base 13, what is -b76a + -b170?
-1990a
In base 6, what is 20213023405 - 1?
20213023404
In base 5, what is 4130340 + 21042?
4201432
In base 13, what is 155b644c + -a?
155b6442
In base 4, what is -230303 + -100300223?
-101131132
In base 14, what is -47a24 - 957?
-4857b
In base 6, what is 540021542 + -33?
540021505
In base 5, what is 134 - -13323334?
13324023
In base 13, what is -a70c90 + 12?
-a70c7b
In base 7, what is 4 + -616266622?
-616266615
In base 13, what is 6a58ac8 - -3?
6a58acb
In base 2, what is -1010101011010 + 1001001101?
-1001100001101
In base 16, what is -13 - 193c27?
-193c3a
In base 12, what is 2 + -5ba9038?
-5ba9036
In base 9, what is -1 - 7036281?
-7036282
In base 7, what is -166435062 + -13?
-166435105
In base 16, what is 975c + 4?
9760
In base 13, what is -81441 - 2a6?
-81717
In base 15, what is -27d - -3ce0?
3a62
In base 4, what is 1103 - 2133011013?
-2133003310
In base 3, what is -110220211222201 + 12?
-110220211222112
In base 13, what is -384a4 - -2a?
-38477
In base 5, what is 3023342 + -40022?
2433320
In base 5, what is 2223424142 - -1?
2223424143
In base 2, what is -10 - 10101100111110000100011111?
-10101100111110000100100001
In base 10, what is 4530755 + 10?
4530765
In base 12, what is -316563 + 14?
-31654b
In base 16, what is 6471 + 4979?
adea
In base 5, what is -100 - -100341223?
100341123
In base 6, what is 11432451122 + -2?
11432451120
In base 13, what is -64862a + -c?
-648639
In base 9, what is -2353 + -15230?
-17583
In base 3, what is -10201010101201122 - 2?
-10201010101201201
In base 10, what is -53760 + -2830?
-56590
In base 9, what is 224 + 63134?
63358
In base 2, what is 1000110011111000010111000 + -100?
1000110011111000010110100
In base 9, what is 11142141 + 3?
11142144
In base 8, what is 247566 + -1?
247565
In base 15, what is 227 - ee9d?
-ec76
In base 7, what is 21120135 + -320?
21116515
In base 8, what is 24 + 13225520?
13225544
In base 10, what is 3104267 + 55?
3104322
In base 7, what is -15406152 - -3?
-15406146
In base 2, what is -1110110001 - 10100100000111?
-10110010111000
In base 5, what is 12000030 - 1334?
11443141
In base 14, what is -31 + -6c2a7?
-6c2d8
In base 12, what is 20b4 - -101220?
103314
In base 2, what is 11100011100000010011010 + -11?
11100011100000010010111
In base 6, what is -1 - -5400314000?
5400313555
In base 6, what is -4412223 + 133?
-4412050
In base 12, what is 1174 + 8b?
1243
In base 6, what is 2325 - -21422?
24151
In base 5, what is -11 + -13200434413?
-13200434424
In base 12, what is -5 - -a6089?
a6084
In base 6, what is -402200341 + -43?
-402200424
In base 12, what is 5851bb9 + -7?
5851bb2
In base 2, what is -100110101101 - 11100111100?
-1000011101001
In base 13, what is 5 + 7472c?
74734
In base 13, what is -a1c + 3ab5?
3096
In base 7, what is -11 - 163631153?
-163631164
In base 3, what is 1000022 + -10112012001?
-10111011202
In base 4, what is 21031300123 - 2?
21031300121
In base 14, what is 36a2da + 4?
36a300
In base 8, what is 3232 - -3043?
6275
In base 8, what is -3 + 4174155?
4174152
In base 4, what is 103 - 31312120000?
-31312113231
In base 10, what is 139951050 + -6?
139951044
In base 14, what is -345798 - -18?
-345780
In base 7, what is 506 - -151032?
151541
In base 2, what is 111100100111 + 10000010001110?
10111110110101
In base 10, what is -8472820 - -64?
-8472756
In base 7, what is -566 + -23533?
-24432
In base 15, what is 6d7bc3 + 23?
6d7be6
In base 10, what is -40974 - 493?
-41467
In base 3, what is 12 + 2011022222001001?
2011022222001020
In base 4, what is -1131 - 20033110?
-20100301
In base 13, what is -1b47 - 12769?
-145b3
In base 10, what is -31677 - -159?
-31518
In base 7, what is -35016212 + 4?
-35016205
In base 12, what is -4 - 491150?
-491154
In base 16, what is -4e164e6 - 0?
-4e164e6
In base 4, what is 11 - -321230313113?
321230313130
In base 6, what is -24135003 + 212?
-24134351
In base 14, what is 29 - -101c07c?
101c0a7
In base 9, what is 3 - 235078274?
-235078271
In base 7, what is -204614 - -262?
-204322
In base 6, what is -4 + 3250022?
3250014
In base 12, what is a6 - -535391?
535477
In base 7, what is 61313552 - 10?
61313542
In base 3, what is -11111010210212 + -1?
-11111010210220
In base 15, what is -6 + -de9756?
-de975c
In base 8, what is 7655 - -1236?
11113
In base 9, what is -6865 - -755?
-6110
In base 14, what is -143 - -c553?
c410
In base 2, what is -1001111 + 100010110000?
100001100001
In base 12, what is a + -84a3?
-8495
In base 14, what is 11 - -14340c?
14341d
In base 4, what is -1020 - 22103301?
-22110321
In base 13, what is 3 - -8798348?
879834b
In base 12, what is 2876b - b?
28760
In base 11, what is 108 + -1a9293?
-1a9186
In base 8, what is -457240247 + -16?
-457240265
In base 11, what is 1 + 582974?
582975
In base 10, what is -7 + -15680953?
-15680960
In base 10, what is 4 - 49596718?
-49596714
In base 3, what is -12122112121011 + -2?
-12122112121020
In base 11, what is 1034aa69 - -14?
1034aa82
In base 14, what is -130 - 2a0b7?
-2a207
In base 11, what is -205945 + -560?
-2063a5
In base 15, what is c29e + -ee6?
b2a8
In base 14, what is -214cc + -206?
-216d4
In base 5, what is 2042 + 111422022?
111424114
In base 9, what is -234377 + 438?
-233838
In base 6, what is 2122423 + 1355?
2124222
In base 15, what is -3e050bb8 + 5?
-3e050bb3
In base 16, what is -8c1 - -3b7a?
32b9
In base 9, what is 0 - -12623401?
12623401
In base 7, what is 4 - 162333513?
-162333506
In base 6, what is 3 - 5204005321?
-5204005314
In base 5, what is 10 - -1411413234?
1411413244
In base 14, what is -c255 - -424?
-bc31
In base 3, what is 12121002 - -2120120210?
2210011212
In base 2, what is 1101000010111011 + 110111001010?
1101111010000101
In base 15, what is -3cc3b + -236?
-3ce72
In base 3, what is -12 + 11200011121112?
11200011121100
In base 2, what is 11111111000000100110011110 - 10001?
11111111000000100110001101
In